 x(w).
6
Let y(k) = -k**3 - 7*k**2 - 7*k + 2. Let n = 1035 - 1040. Determine y(n).
-13
Suppose -11*n - 5 = -16*n. Let k be (16 - n)/(4 + -1). Let t(o) = o**2 - 5*o + 1. Calculate t(k).
1
Suppose -2*b - 13 = -3*m, b + 15*m = 14*m + 6. Let i(c) be the second derivative of 2*c**3/3 - c**2/2 + 2*c. What is i(b)?
3
Let n(y) = y - 5. Let u be (-3 + (9 - 2))*-4. Give n(u).
-21
Let g(t) = 156*t**2 + 1 + t - 300*t**2 - 3 + 136*t**2. What is g(1)?
-9
Let u(j) = -j - 4. Let y(n) = -n**2 + n + 15. Let t(l) = 9*u(l) + 2*y(l). Suppose -25 = -4*v + 2*d - 7, -5*d = 5*v - 60. Let w = v + -11. Calculate t(w).
-10
Let a(l) = -l**2 + 37*l - 12*l - 15*l + 3 - 11*l. Calculate a(2).
-3
Let l(r) = 8*r + 115. Let n be l(-14). Let x(u) be the second derivative of -4*u + 1/6*u**n + 0 - u**2. Determine x(-6).
-8
Let z(j) = -5*j + 7. Let d(a) = -2*a - 1. Let v(n) = -3*d(n) + z(n). Give v(-8).
2
Let c(a) = a - 4. Let o = -29 - -31. Suppose -3*d + 21 = -o*z + 3*z, -z + 3*d = 9. Calculate c(z).
2
Let u be (3/9)/((-2)/(-6)). Let s(a) = u - 2*a - 3*a + 3*a. Let x be -3*8*(-1)/6. Calculate s(x).
-7
Let n(l) = 88*l - 39. Let y be n(6). Let a(g) = -y + g**2 + 237 + 237. Suppose -3*k + 15 = 5*d, d + 4*k = -k + 25. Determine a(d).
-15
Let s(r) = r**3 - 7*r**2 + 10*r - 6. Let q(c) = -c**3 - 6*c**2 + 5*c - 10. Let a be q(-7). Let m(n) = n. Let u(p) = a*m(p) - s(p). Determine u(6).
6
Let k(w) = w**2 + 31*w + 129. Let d be k(-26). Let r(h) = -h**2 + 6*h - 5. Let c be r(5). Let g(i) = c*i + 2*i + 4*i + 1. Determine g(d).
-5
Let b(n) = 0 - 4 + 3. Let g(z) = -z - 6. Let u(k) = b(k) - g(k). Let o be (-6)/(-6)*1 - -1 - -3. Calculate u(o).
10
Let j = 204 - 199. Let c(w) = -w + 8. Determine c(j).
3
Let f(d) be the first derivative of -d**4/12 - 4*d**3/3 + 13*d**2/2 - 29*d + 40. Let q(c) be the first derivative of f(c). Calculate q(-9).
4
Let b(n) = -n + 5. Let q be 15*(-3)/(-9) - (0 + 2). Suppose 0*u - 4*g = -3*u, 3 = q*u - 3*g. Determine b(u).
1
Let j(v) be the second derivative of v**4/12 - v**3/2 - 2*v**2 - 61*v. Let f = 15 - 10. Calculate j(f).
6
Let r = -3 + 3. Suppose 4*l - 41 = -9. Let w(j) = j - 6 - j**3 + l + 1 + 6. Determine w(r).
9
Let d(s) = 3 - 3*s + 7*s**3 - s**2 - 5 - 3*s**2. Let q(f) = -f**3 + f**2. Let u(j) = d(j) + 6*q(j). What is u(-2)?
4
Let y(i) = i**2 - i - 3. Suppose -13*n + 801 = 775. What is y(n)?
-1
Let d(u) = -u**3 + u**2. Let i = -24 + 25. Let g(t) = 12*t**3 - 6*t**2 + t - 1. Let x(b) = i*g(b) + 5*d(b). Determine x(1).
6
Let y be (-1)/4 - 11/(-44). Let x(n) = n + 0 - 2*n + y + 4 - n**2. Give x(-5).
-16
Let u(m) = -3*m - 1. Let h be u(-1). Suppose -h*f + z = -9, 0*z = -2*f + 2*z + 8. Let p(x) = -x**2 + 5*x - 2. Determine p(f).
-2
Let a = -3 - 0. Let d(q) be the second derivative of -q**7/840 - q**6/180 + q**5/40 - 2*q**3/3 - 4*q. Let k(t) be the second derivative of d(t). Calculate k(a).
0
Let n(y) = y**2 + 8*y - 9. Let z be n(-9). Let h(j) = 3 - 2*j**3 - 4 + 8*j - j**2 + z*j - 6*j. Calculate h(1).
-2
Let k(o) = -1. Let v(i) = 4*i**2 + 2*i - 3. Let h(j) = -4*k(j) + v(j). Let w = 30 - 42. Let y = w + 11. Determine h(y).
3
Let u(w) be the second derivative of -w**4/12 - 5*w**3/6 - w**2 + 7*w. Let y(h) = -h - 6. Let j = -16 + 14. Let k be y(j). Give u(k).
2
Let w(r) = -r**3 + 30*r**2 + 100*r - 26. Let i be w(33). Let o(p) = -p + 13. What is o(i)?
6
Let m be 1/(3/9*3). Let q(k) = -k + 6*k - 5 + 2*k - m - k**2. What is q(6)?
0
Let i(m) = -m**3 + 5*m**2 - 9*m + 7. Let j be ((-120)/(-84))/((-5)/(-14)). Determine i(j).
-13
Suppose -2144 + 2078 = -22*s. Let w(x) = x + 1. Let y(b) = -2*b - 6. Let t(p) = -3*w(p) - y(p). What is t(s)?
0
Let p(m) = m**3 + 8*m**2 + 6*m. Let o be 4 + 0/(-6)*1/(-2). Let z be 2 - -2*6/4. Suppose 2*y + o*n + 2 = 0, -z*y - 25 = -y + n. Calculate p(y).
7
Suppose -2*w = -u + 13, -3*u + 2 = 2*w - 37. Let x = 1 - -15. Let r = x - u. Let m(i) = -i + 3. Give m(r).
0
Let h(x) = x - 2*x**2 + 2 - 67*x**3 - 64*x**3 + 130*x**3. What is h(-1)?
0
Let c = -125 + 123. Let j(p) = 5*p**2 + 2 + 0*p**2 - 7*p**2. Determine j(c).
-6
Suppose -3*v + o = -1 + 7, 3*v = -o. Let h(p) = 2*p**2 - 4*p. Let s(k) = k. Suppose 4*l + 16 = -0*l. Let y(g) = l*s(g) - h(g). What is y(v)?
-2
Let s(d) = -d**3 - d**2 - d + 7. Suppose -5*i - 12 = 8. Let c be -5 + i/(-12)*3. Let z = c - -4. Determine s(z).
7
Suppose -5 = -6*l + 61. Suppose -l = -4*z + 5. Let x(o) = -o**2 - 3 + z*o + 4 + 6 - 2. Determine x(6).
-7
Let d(u) be the third derivative of u**6/120 + u**5/60 - u**4/8 + u**3/2 + u**2. Let f be (9/(-12))/(7/(-14)) - 15/(-10). Determine d(f).
30
Let j(x) = x**2 - 7*x + 1. Let o(t) = 3*t - 21. Let c be o(7). Suppose 2*m = -c*m + 10. What is j(m)?
-9
Let y(f) = -2*f + 8. Suppose d - 4*l = -50, 79 = -2*d - 5*l - 60. Let s = -56 - d. Give y(s).
-4
Let v(u) = 2*u + 6. Let s(r) be the third derivative of r**5/60 - r**4/24 + r**2. Let j be s(3). Calculate v(j).
18
Let c(b) be the second derivative of 0*b**2 + 0*b**4 - b + 0 + 1/120*b**5 + 1/2*b**3. Let q(y) be the second derivative of c(y). What is q(5)?
5
Let s be -9 - ((-8)/(-12) + 5/(-3)). Let o(q) = -3*q. Calculate o(s).
24
Let z(r) = -5*r**3 + r**2. Suppose 5*l + 26 = -3*x, -14 = l - 10. What is z(x)?
44
Let z = 666 - 675. Let k(r) = 5*r + 50. Give k(z).
5
Let v(h) be the third derivative of h**4/4 - h**3/6 - 4*h**2. Let k(z) = z. Let a(b) = b. Let u(r) = a(r) - 2*k(r). Let y(o) = 4*u(o) - v(o). Give y(-1).
11
Let w be 7/28 + (-15)/12. Let m(i) = -i**3 + i**2 + i + 1. Let z(t) = 3*t**3 - 10*t**2 - 4*t. Let x(o) = w*z(o) - 4*m(o). Give x(-6).
-4
Let u(c) = c**3 - 3 - 6*c - 38*c**2 + 99*c**2 - 31*c**2 - 5 - 35*c**2. Calculate u(6).
-8
Let a(f) = -27*f - 1. Let p(y) = -y**2 - 7*y + 24. Let s be p(-9). Let k be 3/s + (-3)/2. What is a(k)?
26
Let t(b) be the third derivative of b**5/60 + b**4/6 + 2*b**3/3 - b**2. Let a be (-8)/(-128)*-36 + (-6)/8. Determine t(a).
1
Let q(g) = -3*g - 18. Let p be q(-9). Suppose -7 - p = -4*c. Let d(x) = x**3 - 5*x**2 + x + 5. Determine d(c).
-7
Let h(r) = 37*r - 20*r - 1 - 19*r + r**2. Give h(-3).
14
Let b(w) = -3*w**2 + 10*w - 9. Let u(m) = 7*m**2 - 21*m + 19. Let j(z) = 5*b(z) + 2*u(z). Suppose -15 + 37 = c + 5*g, -2*c = g - 17. What is j(c)?
0
Let n(l) = -286*l**2 - 65*l + 65. Let j = -206 - -141. Let s(v) = 60*v**2 - 47*v**2 - v + 4*v - 3. Let u(w) = j*s(w) - 3*n(w). Give u(-1).
13
Let c(g) = g**3 + 4*g**2 - 12*g - 7. Let v = -434 - -428. Determine c(v).
-7
Let j(c) = c**2 + 9*c - 8. Let k(a) = 5*a - 37. Let s be k(7). Let h(x) = -x**2 - x + 1. Let b(l) = s*h(l) - j(l). Calculate b(4).
-6
Suppose i = 2, 0 = -7*p + 3*p + 3*i + 58. Let h(g) = -8 + 4 + p - g. Determine h(6).
6
Let k = -5 - -8. Let l(y) = -5449*y + 1817*y + 1818*y + 1811*y + 1. What is l(k)?
-8
Let y(p) = -p**3 + 7*p**2. Let j(i) = 3*i**3 - 27*i**2 - 13*i - 11. Let m(z) = j(z) + 2*y(z). Determine m(14).
3
Let a(r) = -r**2 + 10*r + 3. Let c(l) = -2*l**3 - 3*l**2 - 2*l + 2. Let t be c(-2). Let v be a(t). Let h = 0 - v. Let o(x) = -x - 3. Determine o(h).
0
Let q = -13 + 24. Suppose -q*n + 12*n - 2 = 0. Suppose 0*c - n*c - 4*i = -24, -4*i + 42 = 5*c. Let w(z) = -z**3 + 5*z**2 + 4*z + 7. Give w(c).
-5
Let d(m) = -m**2 + 1. Let l(k) = 3*k**2 - 4*k + 2. Let g(j) = 2*d(j) + l(j). Let s(o) = -o**3 + 4*o**2 + 4*o + 7. Let t be s(5). Let v = t + 1. Determine g(v).
1
Suppose -5 = 4*m - 9. Let b(y) = 3*y + 0*y**3 - y**3 + m - 3*y. Suppose 4*a - 4 = -0*a. Calculate b(a).
0
Let f(n) be the third derivative of -17*n**5/60 + n**4/24 - 64*n**2 + 2. Give f(1).
-16
Let g(c) = 8 - c + 8 + 0*c - 15. Suppose 2*l = -l + 9. Suppose 0*q = -l*q + 15. Determine g(q).
-4
Let t(b) = -b**3 + 3*b**2 - 4*b + 6. Suppose -2*k = -2*w - 14, -k + 3*k - w = 11. Determine t(k).
-26
Suppose -36 = -14*p + 11*p. Let b(r) = -r**2 + 12*r + 4. What is b(p)?
4
Let t(n) = -n - 15*n**2 + 6*n**2 + 8*n**2 - 1 + 6*n. Suppose 0 = -5*r + 2*s + 15, -s = -5*r - 6*s + 50. Determine t(r).
-1
Let c(x) = 4*x**2 - 11*x + 9. Let l(n) = 7*n**2 - 22*n + 18. Let k(p) = -5*c(p) + 3*l(p). What is k(9)?
-9
Suppose 20 - 8 = -4*q. Let z(o) = -2*o + 2. Let c(l) be the third derivative of -5*l**4/24 + 5*l**3/6 - l**2. Let v(f) = q*c(f) + 8*z(f). Give v(-2).
3
Suppose -15 = -4*g + 5*f, -7*f = -2*f - 5. Let h(z) be the first derivative of -z**3/3 + 3*z**2 - 2. Let v be h(g). Let q(x) = -4*x + 4. Give q(v).
-16
Sup